he greatest common factor of 10 and l.
5
Let b(s) = -s**3 + 5*s**2 + 9*s - 4. Let j be b(6). Let p = 1430 + -1388. Calculate the greatest common factor of j and p.
14
Let o(b) = 2*b + 16. Let r be 0 - -2 - (-4 + -5). Let f be o(r). Let a be (-2)/7 + 2668/28. Calculate the greatest common factor of f and a.
19
Let z = -6 - -52. Let f = z - 19. Let q(o) = 4*o + 87. Let j be q(-21). Calculate the greatest common divisor of j and f.
3
Suppose 5*n = 5*o - 1855, -6*o = -3*o + 3*n - 1131. What is the highest common factor of 170 and o?
34
Suppose 1779 = 3*p + 5*v, -p + 0*v = -2*v - 582. What is the greatest common factor of 672 and p?
84
Let b(q) = -64*q - 23. Let w be b(-5). Calculate the greatest common divisor of 11 and w.
11
Let f be (48/(-9))/(52/(-312)). What is the highest common factor of f and 216?
8
Let n(d) = 12*d**2 - 30. Let l be n(-4). Calculate the highest common factor of 405 and l.
81
Suppose x - k = 70, -280 = x - 5*x - 2*k. Let c = -32 + x. What is the highest common factor of c and 57?
19
Suppose -5*f - 3024 = -17*f. Calculate the highest common divisor of 28 and f.
28
Let w(u) = u**2 - 6*u - 5. Let m be w(5). Let n be (-445)/m - 1/(-2). Suppose -2*p + 54 = p. Calculate the greatest common factor of p and n.
9
Let p(v) = 10*v + 217. Let m be p(-19). Suppose -5*r = -195 - 480. What is the highest common factor of m and r?
27
Suppose -3*f - 2*f = p - 129, -4*f + 99 = 5*p. Let d = 138 + -88. Suppose 3*n = -5*l + 34, l - d = -4*n - l. What is the highest common factor of f and n?
13
Let s = -160 + 188. Suppose 0*w = 2*w - 14. Calculate the highest common divisor of w and s.
7
Let t = 90 - 102. Let p be (-1)/4 + (-75)/t. Calculate the highest common factor of 12 and p.
6
Suppose -2*h + 3*r = -491 - 170, 4*r = -3*h + 983. Calculate the greatest common factor of h and 188.
47
Let k be (-58)/(-14) - (-14)/(-98). Suppose -8*v - k = -6*v. Let o be 43 - (v + (3 - -2)). Calculate the highest common factor of o and 10.
10
Suppose -280 = 4*u - 2*o, -3*o = -o + 4. Let s = u + 76. Calculate the highest common divisor of 1 and s.
1
Let c be 4/1*2/4. Let h(p) = 15*p + 97. Let y be h(-6). Let g = c + y. Calculate the greatest common factor of g and 36.
9
Suppose -11*t = -5*t - 30. Suppose -2*r = -10, -t*r = 4*d - 248 - 25. Calculate the greatest common factor of 62 and d.
62
Let f be ((-2)/6)/(6/(-72)). Suppose -d + 0*d + 261 = 4*g, f*d = 20. Let v = 97 - g. Calculate the highest common divisor of v and 3.
3
Suppose -2*w + 9 = w. Let i = -2716 - -2764. What is the highest common factor of w and i?
3
Let g = 807 - 802. What is the highest common divisor of 365 and g?
5
Let v = -28 - -61. Calculate the greatest common factor of v and 297.
33
Let k be 0/((-2)/((-6)/9)). Let g(w) = 0*w + 6 + 0*w**2 - 4*w + k*w + w**2. Let c be g(4). Calculate the greatest common divisor of c and 6.
6
Suppose 0*x = -5*x + 25. Let a be 341/x + 3/(-15). Let y = -338 + 372. Calculate the highest common divisor of a and y.
34
Suppose 0*v - 312 = 2*v. Let g = -102 - v. Calculate the greatest common divisor of 6 and g.
6
Let d(f) = 23 - 4*f**3 - 52 + 27 + 3*f. Let u be d(-2). Calculate the highest common factor of 32 and u.
8
Suppose -38*j + 16 = -34*j + 3*m, -3*m = 5*j - 17. Calculate the highest common divisor of 3 and j.
1
Let i = 60 + -36. What is the greatest common factor of i and 336?
24
Let m(n) = -58*n - 6. Let s be m(-7). Suppose 0 = 2*g + 3*g - s. What is the highest common factor of 10 and g?
10
Let w(i) = -70*i - 530. Let y(m) = -5*m - 38. Let c(l) = -4*w(l) + 55*y(l). Let r be c(-3). What is the highest common divisor of 3 and r?
3
Let i(u) = 3*u**2 + 8*u + 1. Let y be i(4). Suppose 108 = 5*p - 27. Calculate the highest common factor of y and p.
27
Suppose 4*s + 2600 = 14*s. Calculate the highest common factor of s and 20.
20
Suppose 5*a + 3*s - 16 = 0, -a = -2*a - 2*s - 1. Suppose 0 = c - a*c + 16. What is the highest common factor of 16 and c?
4
Suppose -36*t + 55*t - 6118 = 0. What is the highest common factor of 112 and t?
14
Let v be (-10)/(-12)*26 - (-8)/(-12). Suppose -v*b + 16*b + 10 = 0. Let s(w) = 2*w - 1. Let l be s(3). Calculate the greatest common factor of l and b.
1
Let r = 12 + -9. Suppose -r*w + 59 = -5*v, -4*v + v - 15 = 5*w. Let h(x) = -x**2 - 14*x - 4. Let u be h(v). Calculate the highest common factor of u and 9.
9
Let n(i) be the third derivative of -i**4/4 - i**3/3 + 26*i**2. Let k be n(-2). What is the greatest common factor of k and 5?
5
Let w = 269 + 532. What is the greatest common divisor of w and 18?
9
Let p = 14 + -6. Suppose 0 = 5*t - z - 21, 0 = t + z - 1 - 2. Suppose 0 = t*c - h - 87 - 238, -h - 85 = -c. Calculate the greatest common divisor of c and p.
8
Suppose -1136 = -4*n - 4*j, 0 = -n - 5*j + 186 + 118. Calculate the greatest common factor of n and 9.
9
Suppose 28 - 324 = -2*i. Suppose 4*x - 3*w = 53, -3*x = 3*w - 0*w - 24. Suppose -443 = -x*b - 36. What is the greatest common divisor of i and b?
37
Suppose 0 = -3*v + 12 + 54. Let c = -328 + 570. What is the highest common divisor of v and c?
22
Let b = -1466 - -2060. What is the highest common divisor of 36 and b?
18
Let p(y) = 3*y + 1. Let m be p(9). Let o be ((-80)/m)/((-6)/21). Calculate the highest common factor of 20 and o.
10
Let r(k) = k**3 - 3*k + 28. Let d be r(0). What is the highest common divisor of d and 56?
28
Let q be -4 - 36/(-8) - 25/(-2). Calculate the highest common factor of q and 403.
13
Let o(g) = 62*g - 150. Let u be o(3). Calculate the greatest common divisor of u and 588.
12
Let q = -118 + 31. Let k = q + 101. What is the highest common factor of 56 and k?
14
Let a = -106 - -282. Calculate the highest common divisor of a and 220.
44
Let f(u) = u**3 + 14*u**2 + 32*u - 14. Let p be f(-11). Let j = 4 + p. What is the highest common factor of 9 and j?
1
Suppose -553 = 12*v + 59. Let y = v - -73. What is the highest common factor of y and 22?
22
Suppose 5*z + 5*j - 802 = 3*z, -8*j = -3*z + 1172. What is the highest common divisor of z and 165?
33
Suppose -5*r + 4*z + 3809 = 0, z - 1050 = 4*r - 4106. What is the greatest common divisor of r and 45?
45
Let j(k) = -k**2 + 11*k + 31. Let g be j(13). Let n be ((-5)/g - 3)*-11. Calculate the highest common divisor of n and 4.
4
Let m = 101 + -76. Suppose -4*w + 6*w - 10 = 0. What is the greatest common factor of m and w?
5
Let y(b) be the second derivative of b**5/20 - 3*b**4/4 + b**3/2 - 7*b**2/2 - 23*b. Let c be y(9). What is the greatest common factor of c and 5?
5
Suppose -3*n - 47 = -5*b, -n - 2 + 33 = 5*b. Suppose b*w - 8 = 6*w. Suppose 4*p + p - g - w = 0, -2*p = -g - 5. What is the greatest common divisor of p and 2?
1
Let z = -52 - -35. Let d = z + 22. Calculate the greatest common factor of d and 15.
5
Let p be (4692/16)/(2/(-8)). Let h = -801 - p. Calculate the greatest common divisor of h and 12.
12
Let z(c) = c - 2. Suppose -4*v + 33 = -v. Let m be z(v). Let x = 69 - 24. Calculate the greatest common factor of x and m.
9
Let a = -9 + 13. Let t be ((-3)/1)/((-12)/8). Let z be (2/3)/(t/60). What is the highest common factor of a and z?
4
Let t be ((-2)/(-5))/((-3)/(-30)). Suppose -t*p + 18 - 2 = 0. Suppose -p*n = -n - 231. Calculate the greatest common factor of 7 and n.
7
Suppose -12 = -2*g - 2*j, 27*g - 4*j - 30 = 25*g. Let a be (1 - -2) + (-1 - 1). Calculate the highest common factor of a and g.
1
Let r(n) = -14 - n**2 - 102*n - 2*n**2 + 76*n. Let p be r(-8). What is the highest common factor of 16 and p?
2
Let o = 944 - 924. What is the highest common divisor of 92 and o?
4
Let p be (44 - 2)*(-66)/(-77). Calculate the highest common factor of p and 288.
36
Suppose 5*y = 2*y + 69. Suppose -3*k = 5*u - 345, u - 69 = 21*k - 26*k. What is the highest common divisor of u and y?
23
Let h(f) = -f**3 + 6*f**2 - 4*f + 3. Let b be 1*6 + (-3)/1. Let v be h(b). Calculate the highest common factor of v and 162.
18
Let i be (-18)/(-63) + (-1065)/(-21) + -1. Calculate the highest common divisor of i and 125.
25
Suppose -13 = 10*i + 97. Let u = i + 103. Calculate the highest common factor of u and 69.
23
Let p(x) = -38*x**3 + 3*x**2 + 4*x + 2. Let f be p(-1). Calculate the highest common divisor of 221 and f.
13
Let y be 1/(1/12 - 24/(-144)). What is the highest common factor of y and 164?
4
Suppose -39*u =